{"id":17625,"date":"2025-04-06T20:24:32","date_gmt":"2025-04-06T23:24:32","guid":{"rendered":"https:\/\/www.venezapratas.com.br\/?post_type=product&#038;p=17625"},"modified":"2026-04-02T13:55:30","modified_gmt":"2026-04-02T16:55:30","slug":"colar-ponto-de-luz-coracao","status":"publish","type":"product","link":"https:\/\/www.venezapratas.com.br\/?product=colar-ponto-de-luz-coracao","title":{"rendered":"Colar ponto de luz cora\u00e7\u00e3o"},"content":{"rendered":"<p><a class=\"mb-button mb-style-traditional mb-size-small mb-corners-pill mb-text-style-heavy \" style=\"background-color: #010d06\" href=\"https:\/\/venezapratas.com.br\/medidas-de-colares\/\">DESCOBRIR MEU TAMANHO<\/a><\/p>\n<ul>\n<li>Material: Prata 925<\/li>\n<li>Peso: 1,65g<\/li>\n<li>Tamanho corrente: 45cm<\/li>\n<li>Tamanho pingente: Zirc\u00f4nia de 6mm<\/li>\n<\/ul>\n<p>O colar ponto de luz \u00e9 uma pe\u00e7a em prata 925 de alta qualidade, projetada especialmente para mulheres que desejam adicionar um toque de eleg\u00e2ncia e sofistica\u00e7\u00e3o ao seu visual. Com uma pedra de zirc\u00f4nia brilhante e deslumbrante no centro, esta pe\u00e7a \u00e9 perfeita para ser usada em qualquer ocasi\u00e3o, seja em um evento formal ou casual. A corrente veneziana, por sua vez, garante um acabamento impec\u00e1vel, trazendo ainda mais charme e delicadeza para a pe\u00e7a.<\/p>\n","protected":false},"excerpt":{"rendered":"<p>DESCOBRIR MEU TAMANHO Material: Prata 925 Peso: 1,65g Tamanho corrente: 45cm Tamanho pingente: Zirc\u00f4nia de 6mm O colar ponto de luz \u00e9 uma pe\u00e7a em prata 925 de alta qualidade, projetada especialmente para mulheres que desejam adicionar um toque de eleg\u00e2ncia e sofistica\u00e7\u00e3o ao seu visual. Com uma pedra de zirc\u00f4nia brilhante e deslumbrante no [&hellip;]<\/p>\n","protected":false},"featured_media":14053,"comment_status":"closed","ping_status":"closed","template":"","meta":[],"pwb-brand":[],"product_brand":[],"product_cat":[178,71],"product_tag":[180,181,201,202,77],"class_list":{"0":"post-17625","1":"product","2":"type-product","3":"status-publish","4":"has-post-thumbnail","6":"product_cat-colares","7":"product_cat-feminino","8":"product_tag-colar","9":"product_tag-colares","10":"product_tag-luz","11":"product_tag-ponto","12":"product_tag-zirconia","14":"first","15":"instock","16":"shipping-taxable","17":"purchasable","18":"product-type-simple"},"brands":[],"_links":{"self":[{"href":"https:\/\/www.venezapratas.com.br\/index.php?rest_route=\/wp\/v2\/product\/17625","targetHints":{"allow":["GET"]}}],"collection":[{"href":"https:\/\/www.venezapratas.com.br\/index.php?rest_route=\/wp\/v2\/product"}],"about":[{"href":"https:\/\/www.venezapratas.com.br\/index.php?rest_route=\/wp\/v2\/types\/product"}],"replies":[{"embeddable":true,"href":"https:\/\/www.venezapratas.com.br\/index.php?rest_route=%2Fwp%2Fv2%2Fcomments&post=17625"}],"wp:featuredmedia":[{"embeddable":true,"href":"https:\/\/www.venezapratas.com.br\/index.php?rest_route=\/wp\/v2\/media\/14053"}],"wp:attachment":[{"href":"https:\/\/www.venezapratas.com.br\/index.php?rest_route=%2Fwp%2Fv2%2Fmedia&parent=17625"}],"wp:term":[{"taxonomy":"pwb-brand","embeddable":true,"href":"https:\/\/www.venezapratas.com.br\/index.php?rest_route=%2Fwp%2Fv2%2Fpwb-brand&post=17625"},{"taxonomy":"product_brand","embeddable":true,"href":"https:\/\/www.venezapratas.com.br\/index.php?rest_route=%2Fwp%2Fv2%2Fproduct_brand&post=17625"},{"taxonomy":"product_cat","embeddable":true,"href":"https:\/\/www.venezapratas.com.br\/index.php?rest_route=%2Fwp%2Fv2%2Fproduct_cat&post=17625"},{"taxonomy":"product_tag","embeddable":true,"href":"https:\/\/www.venezapratas.com.br\/index.php?rest_route=%2Fwp%2Fv2%2Fproduct_tag&post=17625"}],"curies":[{"name":"wp","href":"https:\/\/api.w.org\/{rel}","templated":true}]}}